{"id":22,"date":"2016-01-20T13:05:55","date_gmt":"2016-01-20T13:05:55","guid":{"rendered":"http:\/\/sp.useful-pixels.com\/?page_id=22"},"modified":"2023-04-28T15:55:41","modified_gmt":"2023-04-28T14:55:41","slug":"notre-societe","status":"publish","type":"page","link":"https:\/\/scavolinistorebrussels.com\/SSBWEB11\/notre-societe\/","title":{"rendered":"Notre soci\u00e9t\u00e9"},"content":{"rendered":"<p>[vc_row equal_height=\u00a0\u00bbyes\u00a0\u00bb row_type=\u00a0\u00bbfull\u00a0\u00bb css=\u00a0\u00bb.vc_custom_1550601539825{background-position: center !important;background-repeat: no-repeat !important;background-size: cover !important;}\u00a0\u00bb][vc_column width=\u00a0\u00bb1\/2&Prime; css=\u00a0\u00bb.vc_custom_1682690077499{background: #41484e url(https:\/\/scavolinistorebrussels.com\/SSBWEB11\/wp-content\/uploads\/2023\/04\/RUE-willems-45-SHOWROOM-scaled.jpg?id=4600) !important;background-position: center !important;background-repeat: no-repeat !important;background-size: cover !important;}\u00a0\u00bb][vc_empty_space emsmh=\u00a0\u00bb400px\u00a0\u00bb][\/vc_column][vc_column width=\u00a0\u00bb1\/2&Prime; css=\u00a0\u00bb.vc_custom_1553289769443{padding-right: 10% !important;padding-left: 10% !important;background-color: #34393f !important;}\u00a0\u00bb][vc_empty_space height=\u00a0\u00bb90px\u00a0\u00bb emsmh=\u00a0\u00bb40px\u00a0\u00bb][vc_custom_heading text=\u00a0\u00bbNOTRE SOCI\u00c9T\u00c9\u00a0\u00bb font_container=\u00a0\u00bbtag:h6|text_align:left|color:%23ffffff\u00a0\u00bb use_theme_fonts=\u00a0\u00bbyes\u00a0\u00bb el_class=\u00a0\u00bbtin\u00a0\u00bb css=\u00a0\u00bb.vc_custom_1682691789946{margin-bottom: 20px !important;}\u00a0\u00bb][argu_separator sepopt=\u00a0\u00bbsimple\u00a0\u00bb bordersep=\u00a0\u00bbsep_border\u00a0\u00bb css_animation=\u00a0\u00bbappear\u00a0\u00bb top=\u00a0\u00bb15&Prime; bottom=\u00a0\u00bb15&Prime; borderwidth=\u00a0\u00bb62&Prime; bordercolor=\u00a0\u00bb#d5ac63&Prime; bordertick=\u00a0\u00bb3&Prime;][vc_custom_heading text=\u00a0\u00bbScavolini Store Brussels.\u00a0\u00bb font_container=\u00a0\u00bbtag:h2|text_align:left|color:%23ffffff\u00a0\u00bb use_theme_fonts=\u00a0\u00bbyes\u00a0\u00bb css=\u00a0\u00bb.vc_custom_1682690329521{margin-bottom: 15px !important;}\u00a0\u00bb el_class=\u00a0\u00bbtin\u00a0\u00bb][vc_column_text]<span style=\"color: #b9b9b9;\">Bienvenue chez Scavolini Store Brussels, le lieu incontournable pour l&rsquo;ameublement haut de gamme et le design italien \u00e0 Bruxelles. Depuis plus de 60 ans, Scavolini est la r\u00e9f\u00e9rence en mati\u00e8re d&rsquo;ameublement, gr\u00e2ce \u00e0 une gamme riche de plus de 30 mod\u00e8les et 350 finitions diff\u00e9rentes, con\u00e7us par les plus grands designers internationaux.<\/span><br \/>\n<span style=\"color: #b9b9b9;\"><br \/>\nNotre showroom de 450m2 est enti\u00e8rement d\u00e9di\u00e9 \u00e0 la pr\u00e9sentation de nos cuisines, salles de bains et dressings Scavolini. Chez Scavolini Store Brussels, nous sommes fiers de vous offrir un service personnalis\u00e9, qui va de la conception en 3D de votre projet sur ordinateur jusqu&rsquo;\u00e0 la r\u00e9alisation cl\u00e9 en main de vos projets de nouvelle construction ou de r\u00e9novation.<\/span><br \/>\n<span style=\"color: #b9b9b9;\"><br \/>\nNous sommes \u00e0 votre disposition pour r\u00e9aliser des relev\u00e9s de mesures gratuits \u00e0 votre domicile, pour vous accompagner tout au long de votre projet, et pour vous fournir des devis gratuits. Nous sommes \u00e9galement accessibles aux personnes \u00e0 mobilit\u00e9 r\u00e9duite via notre garage lat\u00e9ral, et nous mettons \u00e0 votre disposition des facilit\u00e9s de parking.<\/span><br \/>\n<span style=\"color: #b9b9b9;\"><br \/>\nNotre \u00e9quipe de professionnels est \u00e0 votre disposition du mardi au vendredi de 10h \u00e0 19h, ainsi que le samedi de 10h \u00e0 18h. N&rsquo;h\u00e9sitez pas \u00e0 nous rendre visite, et \u00e0 d\u00e9couvrir l&rsquo;\u00e9l\u00e9gance cosmopolite de Bruxelles combin\u00e9e \u00e0 la quintessence de l&rsquo;esprit Scavolini.<\/span>[\/vc_column_text][vc_empty_space height=\u00a0\u00bb20px\u00a0\u00bb][vc_column_text]<span class=\"shortcode_icon left\" ><a href=\"#\" style=\"color:#fff;font-size:18px;\"><i class=\"fa fa-facebook\"><\/i><\/a><\/span> <span class=\"shortcode_icon \" ><a href=\"#\" style=\"color:#fff;font-size:18px;\"><i class=\"fa fa-twitter\"><\/i><\/a><\/span> <span class=\"shortcode_icon \" ><a href=\"#\" style=\"color:#fff;font-size:18px;\"><i class=\"fa fa-linkedin\"><\/i><\/a><\/span><span class=\"shortcode_icon \" ><a href=\"https:\/\/www.youtube.com\/watch?v=ZoxY0zJ8vow\" style=\"color:#fff;font-size:18px;\"><i class=\"fa ti-youtube\"><\/i><\/a><\/span>[\/vc_column_text][vc_empty_space height=\u00a0\u00bb20px\u00a0\u00bb emsmh=\u00a0\u00bb30px\u00a0\u00bb][vc_custom_heading text=\u00a0\u00bbNOS R\u00c9SEAUX SOCIAUX\u00a0\u00bb font_container=\u00a0\u00bbtag:h6|text_align:left|color:%23ffffff\u00a0\u00bb use_theme_fonts=\u00a0\u00bbyes\u00a0\u00bb el_class=\u00a0\u00bbtin\u00a0\u00bb css=\u00a0\u00bb.vc_custom_1682691966215{margin-bottom: 20px !important;}\u00a0\u00bb][vc_empty_space height=\u00a0\u00bb40px\u00a0\u00bb emsmh=\u00a0\u00bb30px\u00a0\u00bb][vc_empty_space height=\u00a0\u00bb65px\u00a0\u00bb emsmh=\u00a0\u00bb55px\u00a0\u00bb][\/vc_column][\/vc_row][vc_row css=\u00a0\u00bb.vc_custom_1553282781870{background-color: #41484e !important;}\u00a0\u00bb][vc_column width=\u00a0\u00bb3\/4&Prime;][vc_empty_space height=\u00a0\u00bb77px\u00a0\u00bb emsmh=\u00a0\u00bb40px\u00a0\u00bb][vc_custom_heading text=\u00a0\u00bbL&rsquo;excellence italienne pour votre maison.\u00a0\u00bb font_container=\u00a0\u00bbtag:h2|text_align:left|color:%23ffffff\u00a0\u00bb use_theme_fonts=\u00a0\u00bbyes\u00a0\u00bb el_class=\u00a0\u00bbtin\u00a0\u00bb][vc_column_text]<\/p>\n<p style=\"color: #fff;\">Appelez-nous d\u00e8s maintenant pour une assistance rapide et professionnelle. <span style=\"color: #d5ac63;\">(02) 414 07 17<\/span><\/p>\n<p>[\/vc_column_text][vc_empty_space height=\u00a0\u00bb99px\u00a0\u00bb][\/vc_column][vc_column width=\u00a0\u00bb1\/4&Prime;][vc_empty_space height=\u00a0\u00bb115px\u00a0\u00bb][vc_button color=\u00a0\u00bbup_btn-s\u00a0\u00bb bt_customcolor=\u00a0\u00bb#ffffff\u00a0\u00bb bg_customcolor=\u00a0\u00bb#d5ac63&Prime; align=\u00a0\u00bbright\u00a0\u00bb title=\u00a0\u00bbContactez-Nous\u00a0\u00bb href=\u00a0\u00bb#\u00a0\u00bb][vc_empty_space emsmh=\u00a0\u00bb55px\u00a0\u00bb][\/vc_column][\/vc_row]<\/p>\n","protected":false},"excerpt":{"rendered":"<p>[vc_row equal_height=\u00a0\u00bbyes\u00a0\u00bb row_type=\u00a0\u00bbfull\u00a0\u00bb css=\u00a0\u00bb.vc_custom_1550601539825{background-position: center !important;background-repeat: no-repeat !important;background-size: cover !important;}\u00a0\u00bb][vc_column width=\u00a0\u00bb1\/2&Prime; css=\u00a0\u00bb.vc_custom_1682690077499{background: #41484e url(https:\/\/scavolinistorebrussels.com\/SSBWEB11\/wp-content\/uploads\/2023\/04\/RUE-willems-45-SHOWROOM-scaled.jpg?id=4600) !important;background-position: center !important;background-repeat: no-repeat !important;background-size: cover !important;}\u00a0\u00bb][vc_empty_space emsmh=\u00a0\u00bb400px\u00a0\u00bb][\/vc_column][vc_column width=\u00a0\u00bb1\/2&Prime; css=\u00a0\u00bb.vc_custom_1553289769443{padding-right: 10% !important;padding-left: 10% !important;background-color: #34393f !important;}\u00a0\u00bb][vc_empty_space height=\u00a0\u00bb90px\u00a0\u00bb emsmh=\u00a0\u00bb40px\u00a0\u00bb][vc_custom_heading text=\u00a0\u00bbNOTRE SOCI\u00c9T\u00c9\u00a0\u00bb font_container=\u00a0\u00bbtag:h6|text_align:left|color:%23ffffff\u00a0\u00bb use_theme_fonts=\u00a0\u00bbyes\u00a0\u00bb el_class=\u00a0\u00bbtin\u00a0\u00bb css=\u00a0\u00bb.vc_custom_1682691789946{margin-bottom: 20px !important;}\u00a0\u00bb][argu_separator sepopt=\u00a0\u00bbsimple\u00a0\u00bb bordersep=\u00a0\u00bbsep_border\u00a0\u00bb css_animation=\u00a0\u00bbappear\u00a0\u00bb top=\u00a0\u00bb15&Prime; bottom=\u00a0\u00bb15&Prime; borderwidth=\u00a0\u00bb62&Prime; bordercolor=\u00a0\u00bb#d5ac63&Prime; bordertick=\u00a0\u00bb3&Prime;][vc_custom_heading text=\u00a0\u00bbScavolini Store Brussels.\u00a0\u00bb font_container=\u00a0\u00bbtag:h2|text_align:left|color:%23ffffff\u00a0\u00bb use_theme_fonts=\u00a0\u00bbyes\u00a0\u00bb css=\u00a0\u00bb.vc_custom_1682690329521{margin-bottom: 15px !important;}\u00a0\u00bb el_class=\u00a0\u00bbtin\u00a0\u00bb][vc_column_text]Bienvenue chez Scavolini Store Brussels, le lieu incontournable pour l&rsquo;ameublement haut de gamme et le design italien \u00e0 Bruxelles. Depuis plus de 60 ans, Scavolini est la r\u00e9f\u00e9rence en mati\u00e8re d&rsquo;ameublement, gr\u00e2ce \u00e0 une gamme riche de plus de 30 mod\u00e8les et 350 finitions &hellip; <a href=\"https:\/\/scavolinistorebrussels.com\/SSBWEB11\/notre-societe\/\">Continued<\/a><\/p>\n","protected":false},"author":3,"featured_media":0,"parent":0,"menu_order":0,"comment_status":"closed","ping_status":"closed","template":"page-fullwidth.php","meta":[],"yoast_head":"<!-- This site is optimized with the Yoast SEO plugin v20.10 - https:\/\/yoast.com\/wordpress\/plugins\/seo\/ -->\n<title>Notre soci\u00e9t\u00e9 - Scavolini Store Brussels Officiel<\/title>\n<meta name=\"robots\" content=\"index, follow, max-snippet:-1, max-image-preview:large, max-video-preview:-1\" \/>\n<link rel=\"canonical\" href=\"https:\/\/scavolinistorebrussels.com\/SSBWEB11\/notre-societe\/\" \/>\n<meta property=\"og:locale\" content=\"fr_FR\" \/>\n<meta property=\"og:type\" content=\"article\" \/>\n<meta property=\"og:title\" content=\"Notre soci\u00e9t\u00e9 - Scavolini Store Brussels Officiel\" \/>\n<meta property=\"og:description\" content=\"[vc_row equal_height=\u00a0\u00bbyes\u00a0\u00bb row_type=\u00a0\u00bbfull\u00a0\u00bb css=\u00a0\u00bb.vc_custom_1550601539825{background-position: center !important;background-repeat: no-repeat !important;background-size: cover !important;}\u00a0\u00bb][vc_column width=\u00a0\u00bb1\/2&Prime; css=\u00a0\u00bb.vc_custom_1682690077499{background: #41484e url(https:\/\/scavolinistorebrussels.com\/SSBWEB11\/wp-content\/uploads\/2023\/04\/RUE-willems-45-SHOWROOM-scaled.jpg?id=4600) !important;background-position: center !important;background-repeat: no-repeat !important;background-size: cover !important;}\u00a0\u00bb][vc_empty_space emsmh=\u00a0\u00bb400px\u00a0\u00bb][\/vc_column][vc_column width=\u00a0\u00bb1\/2&Prime; css=\u00a0\u00bb.vc_custom_1553289769443{padding-right: 10% !important;padding-left: 10% !important;background-color: #34393f !important;}\u00a0\u00bb][vc_empty_space height=\u00a0\u00bb90px\u00a0\u00bb emsmh=\u00a0\u00bb40px\u00a0\u00bb][vc_custom_heading text=\u00a0\u00bbNOTRE SOCI\u00c9T\u00c9\u00a0\u00bb font_container=\u00a0\u00bbtag:h6|text_align:left|color:%23ffffff\u00a0\u00bb use_theme_fonts=\u00a0\u00bbyes\u00a0\u00bb el_class=\u00a0\u00bbtin\u00a0\u00bb css=\u00a0\u00bb.vc_custom_1682691789946{margin-bottom: 20px !important;}\u00a0\u00bb][argu_separator sepopt=\u00a0\u00bbsimple\u00a0\u00bb bordersep=\u00a0\u00bbsep_border\u00a0\u00bb css_animation=\u00a0\u00bbappear\u00a0\u00bb top=\u00a0\u00bb15&Prime; bottom=\u00a0\u00bb15&Prime; borderwidth=\u00a0\u00bb62&Prime; bordercolor=\u00a0\u00bb#d5ac63&Prime; bordertick=\u00a0\u00bb3&Prime;][vc_custom_heading text=\u00a0\u00bbScavolini Store Brussels.\u00a0\u00bb font_container=\u00a0\u00bbtag:h2|text_align:left|color:%23ffffff\u00a0\u00bb use_theme_fonts=\u00a0\u00bbyes\u00a0\u00bb css=\u00a0\u00bb.vc_custom_1682690329521{margin-bottom: 15px !important;}\u00a0\u00bb el_class=\u00a0\u00bbtin\u00a0\u00bb][vc_column_text]Bienvenue chez Scavolini Store Brussels, le lieu incontournable pour l&rsquo;ameublement haut de gamme et le design italien \u00e0 Bruxelles. Depuis plus de 60 ans, Scavolini est la r\u00e9f\u00e9rence en mati\u00e8re d&rsquo;ameublement, gr\u00e2ce \u00e0 une gamme riche de plus de 30 mod\u00e8les et 350 finitions &hellip; Continued\" \/>\n<meta property=\"og:url\" content=\"https:\/\/scavolinistorebrussels.com\/SSBWEB11\/notre-societe\/\" \/>\n<meta property=\"og:site_name\" content=\"Scavolini Store Brussels Officiel\" \/>\n<meta property=\"article:modified_time\" content=\"2023-04-28T14:55:41+00:00\" \/>\n<meta name=\"twitter:label1\" content=\"Dur\u00e9e de lecture estim\u00e9e\" \/>\n\t<meta name=\"twitter:data1\" content=\"2 minutes\" \/>\n<script type=\"application\/ld+json\" class=\"yoast-schema-graph\">{\"@context\":\"https:\/\/schema.org\",\"@graph\":[{\"@type\":\"WebPage\",\"@id\":\"https:\/\/scavolinistorebrussels.com\/SSBWEB11\/notre-societe\/\",\"url\":\"https:\/\/scavolinistorebrussels.com\/SSBWEB11\/notre-societe\/\",\"name\":\"Notre soci\u00e9t\u00e9 - Scavolini Store Brussels Officiel\",\"isPartOf\":{\"@id\":\"https:\/\/scavolinistorebrussels.com\/SSBWEB11\/#website\"},\"datePublished\":\"2016-01-20T13:05:55+00:00\",\"dateModified\":\"2023-04-28T14:55:41+00:00\",\"breadcrumb\":{\"@id\":\"https:\/\/scavolinistorebrussels.com\/SSBWEB11\/notre-societe\/#breadcrumb\"},\"inLanguage\":\"fr-FR\",\"potentialAction\":[{\"@type\":\"ReadAction\",\"target\":[\"https:\/\/scavolinistorebrussels.com\/SSBWEB11\/notre-societe\/\"]}]},{\"@type\":\"BreadcrumbList\",\"@id\":\"https:\/\/scavolinistorebrussels.com\/SSBWEB11\/notre-societe\/#breadcrumb\",\"itemListElement\":[{\"@type\":\"ListItem\",\"position\":1,\"name\":\"Accueil\",\"item\":\"https:\/\/scavolinistorebrussels.com\/SSBWEB11\/\"},{\"@type\":\"ListItem\",\"position\":2,\"name\":\"Notre soci\u00e9t\u00e9\"}]},{\"@type\":\"WebSite\",\"@id\":\"https:\/\/scavolinistorebrussels.com\/SSBWEB11\/#website\",\"url\":\"https:\/\/scavolinistorebrussels.com\/SSBWEB11\/\",\"name\":\"Scavolini Store Brussels Officiel\",\"description\":\"Scavolini : La qualit\u00e9 italienne en meubles sur mesure \u00e0 Bruxelles.\",\"potentialAction\":[{\"@type\":\"SearchAction\",\"target\":{\"@type\":\"EntryPoint\",\"urlTemplate\":\"https:\/\/scavolinistorebrussels.com\/SSBWEB11\/?s={search_term_string}\"},\"query-input\":\"required name=search_term_string\"}],\"inLanguage\":\"fr-FR\"}]}<\/script>\n<!-- \/ Yoast SEO plugin. -->","yoast_head_json":{"title":"Notre soci\u00e9t\u00e9 - Scavolini Store Brussels Officiel","robots":{"index":"index","follow":"follow","max-snippet":"max-snippet:-1","max-image-preview":"max-image-preview:large","max-video-preview":"max-video-preview:-1"},"canonical":"https:\/\/scavolinistorebrussels.com\/SSBWEB11\/notre-societe\/","og_locale":"fr_FR","og_type":"article","og_title":"Notre soci\u00e9t\u00e9 - Scavolini Store Brussels Officiel","og_description":"[vc_row equal_height=\u00a0\u00bbyes\u00a0\u00bb row_type=\u00a0\u00bbfull\u00a0\u00bb css=\u00a0\u00bb.vc_custom_1550601539825{background-position: center !important;background-repeat: no-repeat !important;background-size: cover !important;}\u00a0\u00bb][vc_column width=\u00a0\u00bb1\/2&Prime; css=\u00a0\u00bb.vc_custom_1682690077499{background: #41484e url(https:\/\/scavolinistorebrussels.com\/SSBWEB11\/wp-content\/uploads\/2023\/04\/RUE-willems-45-SHOWROOM-scaled.jpg?id=4600) !important;background-position: center !important;background-repeat: no-repeat !important;background-size: cover !important;}\u00a0\u00bb][vc_empty_space emsmh=\u00a0\u00bb400px\u00a0\u00bb][\/vc_column][vc_column width=\u00a0\u00bb1\/2&Prime; css=\u00a0\u00bb.vc_custom_1553289769443{padding-right: 10% !important;padding-left: 10% !important;background-color: #34393f !important;}\u00a0\u00bb][vc_empty_space height=\u00a0\u00bb90px\u00a0\u00bb emsmh=\u00a0\u00bb40px\u00a0\u00bb][vc_custom_heading text=\u00a0\u00bbNOTRE SOCI\u00c9T\u00c9\u00a0\u00bb font_container=\u00a0\u00bbtag:h6|text_align:left|color:%23ffffff\u00a0\u00bb use_theme_fonts=\u00a0\u00bbyes\u00a0\u00bb el_class=\u00a0\u00bbtin\u00a0\u00bb css=\u00a0\u00bb.vc_custom_1682691789946{margin-bottom: 20px !important;}\u00a0\u00bb][argu_separator sepopt=\u00a0\u00bbsimple\u00a0\u00bb bordersep=\u00a0\u00bbsep_border\u00a0\u00bb css_animation=\u00a0\u00bbappear\u00a0\u00bb top=\u00a0\u00bb15&Prime; bottom=\u00a0\u00bb15&Prime; borderwidth=\u00a0\u00bb62&Prime; bordercolor=\u00a0\u00bb#d5ac63&Prime; bordertick=\u00a0\u00bb3&Prime;][vc_custom_heading text=\u00a0\u00bbScavolini Store Brussels.\u00a0\u00bb font_container=\u00a0\u00bbtag:h2|text_align:left|color:%23ffffff\u00a0\u00bb use_theme_fonts=\u00a0\u00bbyes\u00a0\u00bb css=\u00a0\u00bb.vc_custom_1682690329521{margin-bottom: 15px !important;}\u00a0\u00bb el_class=\u00a0\u00bbtin\u00a0\u00bb][vc_column_text]Bienvenue chez Scavolini Store Brussels, le lieu incontournable pour l&rsquo;ameublement haut de gamme et le design italien \u00e0 Bruxelles. Depuis plus de 60 ans, Scavolini est la r\u00e9f\u00e9rence en mati\u00e8re d&rsquo;ameublement, gr\u00e2ce \u00e0 une gamme riche de plus de 30 mod\u00e8les et 350 finitions &hellip; Continued","og_url":"https:\/\/scavolinistorebrussels.com\/SSBWEB11\/notre-societe\/","og_site_name":"Scavolini Store Brussels Officiel","article_modified_time":"2023-04-28T14:55:41+00:00","twitter_misc":{"Dur\u00e9e de lecture estim\u00e9e":"2 minutes"},"schema":{"@context":"https:\/\/schema.org","@graph":[{"@type":"WebPage","@id":"https:\/\/scavolinistorebrussels.com\/SSBWEB11\/notre-societe\/","url":"https:\/\/scavolinistorebrussels.com\/SSBWEB11\/notre-societe\/","name":"Notre soci\u00e9t\u00e9 - Scavolini Store Brussels Officiel","isPartOf":{"@id":"https:\/\/scavolinistorebrussels.com\/SSBWEB11\/#website"},"datePublished":"2016-01-20T13:05:55+00:00","dateModified":"2023-04-28T14:55:41+00:00","breadcrumb":{"@id":"https:\/\/scavolinistorebrussels.com\/SSBWEB11\/notre-societe\/#breadcrumb"},"inLanguage":"fr-FR","potentialAction":[{"@type":"ReadAction","target":["https:\/\/scavolinistorebrussels.com\/SSBWEB11\/notre-societe\/"]}]},{"@type":"BreadcrumbList","@id":"https:\/\/scavolinistorebrussels.com\/SSBWEB11\/notre-societe\/#breadcrumb","itemListElement":[{"@type":"ListItem","position":1,"name":"Accueil","item":"https:\/\/scavolinistorebrussels.com\/SSBWEB11\/"},{"@type":"ListItem","position":2,"name":"Notre soci\u00e9t\u00e9"}]},{"@type":"WebSite","@id":"https:\/\/scavolinistorebrussels.com\/SSBWEB11\/#website","url":"https:\/\/scavolinistorebrussels.com\/SSBWEB11\/","name":"Scavolini Store Brussels Officiel","description":"Scavolini : La qualit\u00e9 italienne en meubles sur mesure \u00e0 Bruxelles.","potentialAction":[{"@type":"SearchAction","target":{"@type":"EntryPoint","urlTemplate":"https:\/\/scavolinistorebrussels.com\/SSBWEB11\/?s={search_term_string}"},"query-input":"required name=search_term_string"}],"inLanguage":"fr-FR"}]}},"_links":{"self":[{"href":"https:\/\/scavolinistorebrussels.com\/SSBWEB11\/wp-json\/wp\/v2\/pages\/22"}],"collection":[{"href":"https:\/\/scavolinistorebrussels.com\/SSBWEB11\/wp-json\/wp\/v2\/pages"}],"about":[{"href":"https:\/\/scavolinistorebrussels.com\/SSBWEB11\/wp-json\/wp\/v2\/types\/page"}],"author":[{"embeddable":true,"href":"https:\/\/scavolinistorebrussels.com\/SSBWEB11\/wp-json\/wp\/v2\/users\/3"}],"replies":[{"embeddable":true,"href":"https:\/\/scavolinistorebrussels.com\/SSBWEB11\/wp-json\/wp\/v2\/comments?post=22"}],"version-history":[{"count":0,"href":"https:\/\/scavolinistorebrussels.com\/SSBWEB11\/wp-json\/wp\/v2\/pages\/22\/revisions"}],"wp:attachment":[{"href":"https:\/\/scavolinistorebrussels.com\/SSBWEB11\/wp-json\/wp\/v2\/media?parent=22"}],"curies":[{"name":"wp","href":"https:\/\/api.w.org\/{rel}","templated":true}]}}