{"id":2820,"date":"2019-02-14T13:20:56","date_gmt":"2019-02-14T13:20:56","guid":{"rendered":"http:\/\/argukitchen.useful-pixels.com\/?page_id=2820"},"modified":"2023-05-15T10:25:48","modified_gmt":"2023-05-15T09:25:48","slug":"rendez-vous","status":"publish","type":"page","link":"https:\/\/scavolinistorebrussels.com\/SSBWEB11\/rendez-vous\/","title":{"rendered":"RENDEZ-VOUS"},"content":{"rendered":"<p>[vc_row equal_height=\u00a0\u00bbyes\u00a0\u00bb up_bg_fix=\u00a0\u00bbyes\u00a0\u00bb css=\u00a0\u00bb.vc_custom_1672414858642{background-image: url(https:\/\/scavolinistorebrussels.com\/SSBWEB11\/wp-content\/uploads\/2022\/11\/2-Slider-scaled.jpg?id=4357) !important;background-position: center !important;background-repeat: no-repeat !important;background-size: cover !important;}\u00a0\u00bb up_overlay_row=\u00a0\u00bbrgba(31,40,47,0.9)\u00a0\u00bb el_class=\u00a0\u00bbshadow\u00a0\u00bb][vc_column width=\u00a0\u00bb1\/2&Prime; el_class=\u00a0\u00bbno padding\u00a0\u00bb css=\u00a0\u00bb.vc_custom_1551108904744{padding-top: 10% !important;padding-right: 6% !important;padding-bottom: 10% !important;padding-left: 6% !important;background-color: #ffffff !important;}\u00a0\u00bb]\n<div class=\"wpcf7 no-js\" id=\"wpcf7-f1444-o1\" lang=\"en-US\" dir=\"ltr\">\n<div class=\"screen-reader-response\"><p role=\"status\" aria-live=\"polite\" aria-atomic=\"true\"><\/p> <ul><\/ul><\/div>\n<form action=\"\/SSBWEB11\/wp-json\/wp\/v2\/pages\/2820#wpcf7-f1444-o1\" method=\"post\" class=\"wpcf7-form init\" aria-label=\"Contact form\" novalidate=\"novalidate\" data-status=\"init\">\n<div style=\"display: none;\">\n<input type=\"hidden\" name=\"_wpcf7\" value=\"1444\" \/>\n<input type=\"hidden\" name=\"_wpcf7_version\" value=\"5.7.7\" \/>\n<input type=\"hidden\" name=\"_wpcf7_locale\" value=\"en_US\" \/>\n<input type=\"hidden\" name=\"_wpcf7_unit_tag\" value=\"wpcf7-f1444-o1\" \/>\n<input type=\"hidden\" name=\"_wpcf7_container_post\" value=\"0\" \/>\n<input type=\"hidden\" name=\"_wpcf7_posted_data_hash\" value=\"\" \/>\n<\/div>\n<div id=\"form2\">\n\t<h4>Vos coordonn\u00e9es\n\t<\/h4>\n\t<div id=\"left\">\n\t\t<p><span class=\"wpcf7-form-control-wrap\" data-name=\"your-name\"><input size=\"40\" class=\"wpcf7-form-control wpcf7-text wpcf7-validates-as-required\" aria-required=\"true\" aria-invalid=\"false\" placeholder=\"Pr\u00e9nom\" value=\"\" type=\"text\" name=\"your-name\" \/><\/span><span class=\"wpcf7-form-control-wrap\" data-name=\"your-name-last\"><input size=\"40\" class=\"wpcf7-form-control wpcf7-text wpcf7-validates-as-required\" aria-required=\"true\" aria-invalid=\"false\" placeholder=\"Nom de famille\" value=\"\" type=\"text\" name=\"your-name-last\" \/><\/span><span class=\"wpcf7-form-control-wrap\" data-name=\"your-phone\"><input size=\"40\" class=\"wpcf7-form-control wpcf7-text wpcf7-validates-as-required\" aria-required=\"true\" aria-invalid=\"false\" placeholder=\"T\u00e9l\u00e9phone*\" value=\"\" type=\"text\" name=\"your-phone\" \/><\/span>\n\t\t<\/p>\n\t<\/div>\n\t<div id=\"right\">\n\t\t<p><span class=\"wpcf7-form-control-wrap\" data-name=\"your-email\"><input size=\"40\" class=\"wpcf7-form-control wpcf7-text wpcf7-email wpcf7-validates-as-required wpcf7-validates-as-email\" aria-required=\"true\" aria-invalid=\"false\" placeholder=\"Email\" value=\"\" type=\"email\" name=\"your-email\" \/><\/span><span class=\"wpcf7-form-control-wrap\" data-name=\"your-address\"><input size=\"40\" class=\"wpcf7-form-control wpcf7-text wpcf7-validates-as-required\" aria-required=\"true\" aria-invalid=\"false\" placeholder=\"Adresse\" value=\"\" type=\"text\" name=\"your-address\" \/><\/span><span class=\"wpcf7-form-control-wrap\" data-name=\"menu-738\"><select class=\"wpcf7-form-control wpcf7-select\" aria-invalid=\"false\" name=\"menu-738\"><option value=\"Choisissez votre service\">Choisissez votre service<\/option><option value=\"Cuisines\">Cuisines<\/option><option value=\"Salles de bains\">Salles de bains<\/option><option value=\"Dressings\">Dressings<\/option><\/select><\/span>\n\t\t<\/p>\n\t<\/div>\n\t<p><span class=\"wpcf7-form-control-wrap\" data-name=\"your-subject\"><input size=\"40\" class=\"wpcf7-form-control wpcf7-text wpcf7-validates-as-required\" aria-required=\"true\" aria-invalid=\"false\" placeholder=\"Sujet\" value=\"\" type=\"text\" name=\"your-subject\" \/><\/span><span class=\"wpcf7-form-control-wrap\" data-name=\"your-message\"><textarea cols=\"40\" rows=\"10\" class=\"wpcf7-form-control wpcf7-textarea\" aria-invalid=\"false\" placeholder=\"Message\" name=\"your-message\"><\/textarea><\/span>\n\t<\/p>\n\t<h4>Comment avez-vous entendu parler de nous?\n\t<\/h4>\n\t<p><span class=\"wpcf7-form-control-wrap\" data-name=\"menu-738\"><select class=\"wpcf7-form-control wpcf7-select\" aria-invalid=\"false\" name=\"menu-738\"><option value=\"- - - - -\">- - - - -<\/option><option value=\"Notre site Web\">Notre site Web<\/option><option value=\"Une recommandation\">Une recommandation<\/option><option value=\"Par les m\u00e9dias\">Par les m\u00e9dias<\/option><\/select><\/span>\n\t<\/p>\n\t<div id=\"contwrap\">\n\t\t<div id=\"left\">\n\t\t\t<h5>Quel serait le meilleur moment pour vous appeler?*\n\t\t\t<\/h5>\n\t\t\t<p><span class=\"wpcf7-form-control-wrap\" data-name=\"radio-684\"><span class=\"wpcf7-form-control wpcf7-radio\"><span class=\"wpcf7-list-item first\"><input type=\"radio\" name=\"radio-684\" value=\"AM\" \/><span class=\"wpcf7-list-item-label\">AM<\/span><\/span><span class=\"wpcf7-list-item\"><input type=\"radio\" name=\"radio-684\" value=\"Midi\" \/><span class=\"wpcf7-list-item-label\">Midi<\/span><\/span><span class=\"wpcf7-list-item last\"><input type=\"radio\" name=\"radio-684\" value=\"PM\" \/><span class=\"wpcf7-list-item-label\">PM<\/span><\/span><\/span><\/span>\n\t\t\t<\/p>\n\t\t<\/div>\n\t\t<div id=\"right\">\n\t\t\t<h5>S'abonner\n\t\t\t<\/h5>\n\t\t\t<p><span class=\"wpcf7-form-control-wrap\" data-name=\"radio-680\"><span class=\"wpcf7-form-control wpcf7-radio\"><span class=\"wpcf7-list-item first last\"><input type=\"radio\" name=\"radio-680\" value=\"Envoyez-moi le dernier catalogue\" \/><span class=\"wpcf7-list-item-label\">Envoyez-moi le dernier catalogue<\/span><\/span><\/span><\/span>\n\t\t\t<\/p>\n\t\t<\/div>\n\t<\/div>\n\t<p><input class=\"wpcf7-form-control has-spinner wpcf7-submit\" type=\"submit\" value=\"ENVOYER\" \/><div id=\"cf7sr-69fe24271a39b\" class=\"cf7sr-g-recaptcha\" data-sitekey=\"6LdCQIkpAAAAAJ8xlH-PRkvmSLJXf_vuj5damrD9\"><\/div><span class=\"wpcf7-form-control-wrap cf7sr-recaptcha\" data-name=\"cf7sr-recaptcha\"><input type=\"hidden\" name=\"cf7sr-recaptcha\" value=\"\" class=\"wpcf7-form-control\"><\/span>\n\t<\/p>\n<\/div><div class=\"wpcf7-response-output\" aria-hidden=\"true\"><\/div>\n<\/form>\n<\/div>\n[\/vc_column][vc_column width=\u00a0\u00bb1\/2&Prime; css=\u00a0\u00bb.vc_custom_1553346526077{padding-right: 6% !important;padding-left: 6% !important;background-color: #41484e !important;}\u00a0\u00bb][vc_empty_space height=\u00a0\u00bb92px\u00a0\u00bb emsmh=\u00a0\u00bb40px\u00a0\u00bb][vc_custom_heading text=\u00a0\u00bbVotre rendez-vous gratuit\u00a0\u00bb font_container=\u00a0\u00bbtag:h2|text_align:left|color:%23ffffff\u00a0\u00bb use_theme_fonts=\u00a0\u00bbyes\u00a0\u00bb el_class=\u00a0\u00bbtin\u00a0\u00bb][vc_custom_heading text=\u00a0\u00bbConseils en mati\u00e8re d&rsquo;agencement et de mobilier pour cuisines, dressings, espaces de rangement et salles de bains :<br \/>\nNous nous ferons un plaisir de vous conseiller de mani\u00e8re professionnelle et de planifier avec vous une solution individuelle.<br \/>\nCr\u00e9ez un nouvel am\u00e9nagement en prenant rendez-vous avec un sp\u00e9cialiste :<br \/>\nDisponible en ligne ou en magasin \u00e0 votre convenance.\u00a0\u00bb font_container=\u00a0\u00bbtag:p|text_align:left|color:%23ffffff\u00a0\u00bb use_theme_fonts=\u00a0\u00bbyes\u00a0\u00bb][vc_empty_space height=\u00a0\u00bb35px\u00a0\u00bb][argu_icon_text_left textnoborder_left=\u00a0\u00bbnoborder\u00a0\u00bb iconsmall_left=\u00a0\u00bbsmall\u00a0\u00bb firstline_left=\u00a0\u00bbCuisines.\u00a0\u00bb icon_text_left=\u00a0\u00bbfa-check-square-o\u00a0\u00bb iconcolor_left=\u00a0\u00bb#d5ac63&Prime; icontitle_left=\u00a0\u00bb#ffffff\u00a0\u00bb][\/argu_icon_text_left][argu_icon_text_left textnoborder_left=\u00a0\u00bbnoborder\u00a0\u00bb iconsmall_left=\u00a0\u00bbsmall\u00a0\u00bb firstline_left=\u00a0\u00bbSalles de bains.\u00a0\u00bb icon_text_left=\u00a0\u00bbfa-check-square-o\u00a0\u00bb iconcolor_left=\u00a0\u00bb#d5ac63&Prime; icontitle_left=\u00a0\u00bb#ffffff\u00a0\u00bb][\/argu_icon_text_left][argu_icon_text_left textnoborder_left=\u00a0\u00bbnoborder\u00a0\u00bb iconsmall_left=\u00a0\u00bbsmall\u00a0\u00bb firstline_left=\u00a0\u00bbDressings.\u00a0\u00bb icon_text_left=\u00a0\u00bbfa-check-square-o\u00a0\u00bb iconcolor_left=\u00a0\u00bb#d5ac63&Prime; icontitle_left=\u00a0\u00bb#ffffff\u00a0\u00bb][\/argu_icon_text_left][vc_empty_space height=\u00a0\u00bb20px\u00a0\u00bb emsmh=\u00a0\u00bb30px\u00a0\u00bb][vc_custom_heading text=\u00a0\u00bbT\u00e9l\u00e9chargez notre brochure gratuite !\u00a0\u00bb font_container=\u00a0\u00bbtag:h4|text_align:left|color:%23ffffff\u00a0\u00bb use_theme_fonts=\u00a0\u00bbyes\u00a0\u00bb][vc_custom_heading text=\u00a0\u00bbCe PDF contient 400 pages d&rsquo;inspiration pour des projets de cuisine, salle de bain et dressing.\u00a0\u00bb font_container=\u00a0\u00bbtag:p|text_align:left|color:%23ffffff\u00a0\u00bb use_theme_fonts=\u00a0\u00bbyes\u00a0\u00bb][vc_single_image image=\u00a0\u00bb4506&Prime; img_size=\u00a0\u00bbfull\u00a0\u00bb][vc_button target=\u00a0\u00bb_blank\u00a0\u00bb color=\u00a0\u00bbup_btn-d\u00a0\u00bb title=\u00a0\u00bbT\u00e9l\u00e9chargez Maintenant\u00a0\u00bb href=\u00a0\u00bbhttps:\/\/scavolinistorebrussels.com\/PDF\/BROCHURE\/Catalogo-generale_2022_EN-FR-DE.pdf\u00a0\u00bb icon=\u00a0\u00bbfa-file-pdf-o\u00a0\u00bb][vc_empty_space height=\u00a0\u00bb20px\u00a0\u00bb emsmh=\u00a0\u00bb40px\u00a0\u00bb][\/vc_column][\/vc_row]<\/p>\n","protected":false},"excerpt":{"rendered":"<p>[vc_row equal_height=\u00a0\u00bbyes\u00a0\u00bb up_bg_fix=\u00a0\u00bbyes\u00a0\u00bb css=\u00a0\u00bb.vc_custom_1672414858642{background-image: url(https:\/\/scavolinistorebrussels.com\/SSBWEB11\/wp-content\/uploads\/2022\/11\/2-Slider-scaled.jpg?id=4357) !important;background-position: center !important;background-repeat: no-repeat !important;background-size: cover !important;}\u00a0\u00bb up_overlay_row=\u00a0\u00bbrgba(31,40,47,0.9)\u00a0\u00bb el_class=\u00a0\u00bbshadow\u00a0\u00bb][vc_column width=\u00a0\u00bb1\/2&Prime; el_class=\u00a0\u00bbno padding\u00a0\u00bb css=\u00a0\u00bb.vc_custom_1551108904744{padding-top: 10% !important;padding-right: 6% !important;padding-bottom: 10% !important;padding-left: 6% !important;background-color: #ffffff !important;}\u00a0\u00bb][\/vc_column][vc_column width=\u00a0\u00bb1\/2&Prime; css=\u00a0\u00bb.vc_custom_1553346526077{padding-right: 6% !important;padding-left: 6% !important;background-color: #41484e !important;}\u00a0\u00bb][vc_empty_space height=\u00a0\u00bb92px\u00a0\u00bb emsmh=\u00a0\u00bb40px\u00a0\u00bb][vc_custom_heading text=\u00a0\u00bbVotre rendez-vous gratuit\u00a0\u00bb font_container=\u00a0\u00bbtag:h2|text_align:left|color:%23ffffff\u00a0\u00bb use_theme_fonts=\u00a0\u00bbyes\u00a0\u00bb el_class=\u00a0\u00bbtin\u00a0\u00bb][vc_custom_heading text=\u00a0\u00bbConseils en mati\u00e8re d&rsquo;agencement et de mobilier pour cuisines, dressings, espaces de rangement et salles de bains : Nous nous ferons un plaisir de vous conseiller de mani\u00e8re professionnelle et de planifier avec vous une solution individuelle. Cr\u00e9ez un nouvel am\u00e9nagement en prenant rendez-vous avec un sp\u00e9cialiste : Disponible en ligne ou en magasin \u00e0 votre &hellip; <a href=\"https:\/\/scavolinistorebrussels.com\/SSBWEB11\/rendez-vous\/\">Continued<\/a><\/p>\n","protected":false},"author":3,"featured_media":0,"parent":0,"menu_order":0,"comment_status":"closed","ping_status":"closed","template":"page-fullwidth.php","meta":[],"yoast_head":"<!-- This site is optimized with the Yoast SEO plugin v20.10 - https:\/\/yoast.com\/wordpress\/plugins\/seo\/ -->\n<title>RENDEZ-VOUS - Scavolini Store Brussels Officiel<\/title>\n<meta name=\"description\" content=\"D\u00e9couvrez comment nos professionnels peuvent vous aider \u00e0 concr\u00e9tiser votre projet. Prenez rendez-vous dans notre showroom d\u00e8s maintenant et b\u00e9n\u00e9ficiez de conseils personnalis\u00e9s.\" \/>\n<meta name=\"robots\" content=\"index, follow, max-snippet:-1, max-image-preview:large, max-video-preview:-1\" \/>\n<link rel=\"canonical\" href=\"https:\/\/scavolinistorebrussels.com\/SSBWEB11\/rendez-vous\/\" \/>\n<meta property=\"og:locale\" content=\"fr_FR\" \/>\n<meta property=\"og:type\" content=\"article\" \/>\n<meta property=\"og:title\" content=\"RENDEZ-VOUS - Scavolini Store Brussels Officiel\" \/>\n<meta property=\"og:description\" content=\"D\u00e9couvrez comment nos professionnels peuvent vous aider \u00e0 concr\u00e9tiser votre projet. Prenez rendez-vous dans notre showroom d\u00e8s maintenant et b\u00e9n\u00e9ficiez de conseils personnalis\u00e9s.\" \/>\n<meta property=\"og:url\" content=\"https:\/\/scavolinistorebrussels.com\/SSBWEB11\/rendez-vous\/\" \/>\n<meta property=\"og:site_name\" content=\"Scavolini Store Brussels Officiel\" \/>\n<meta property=\"article:modified_time\" content=\"2023-05-15T09:25:48+00:00\" \/>\n<meta name=\"twitter:label1\" content=\"Dur\u00e9e de lecture estim\u00e9e\" \/>\n\t<meta name=\"twitter:data1\" content=\"1 minute\" \/>\n<script type=\"application\/ld+json\" class=\"yoast-schema-graph\">{\"@context\":\"https:\/\/schema.org\",\"@graph\":[{\"@type\":\"WebPage\",\"@id\":\"https:\/\/scavolinistorebrussels.com\/SSBWEB11\/rendez-vous\/\",\"url\":\"https:\/\/scavolinistorebrussels.com\/SSBWEB11\/rendez-vous\/\",\"name\":\"RENDEZ-VOUS - Scavolini Store Brussels Officiel\",\"isPartOf\":{\"@id\":\"https:\/\/scavolinistorebrussels.com\/SSBWEB11\/#website\"},\"datePublished\":\"2019-02-14T13:20:56+00:00\",\"dateModified\":\"2023-05-15T09:25:48+00:00\",\"description\":\"D\u00e9couvrez comment nos professionnels peuvent vous aider \u00e0 concr\u00e9tiser votre projet. Prenez rendez-vous dans notre showroom d\u00e8s maintenant et b\u00e9n\u00e9ficiez de conseils personnalis\u00e9s.\",\"breadcrumb\":{\"@id\":\"https:\/\/scavolinistorebrussels.com\/SSBWEB11\/rendez-vous\/#breadcrumb\"},\"inLanguage\":\"fr-FR\",\"potentialAction\":[{\"@type\":\"ReadAction\",\"target\":[\"https:\/\/scavolinistorebrussels.com\/SSBWEB11\/rendez-vous\/\"]}]},{\"@type\":\"BreadcrumbList\",\"@id\":\"https:\/\/scavolinistorebrussels.com\/SSBWEB11\/rendez-vous\/#breadcrumb\",\"itemListElement\":[{\"@type\":\"ListItem\",\"position\":1,\"name\":\"Accueil\",\"item\":\"https:\/\/scavolinistorebrussels.com\/SSBWEB11\/\"},{\"@type\":\"ListItem\",\"position\":2,\"name\":\"RENDEZ-VOUS\"}]},{\"@type\":\"WebSite\",\"@id\":\"https:\/\/scavolinistorebrussels.com\/SSBWEB11\/#website\",\"url\":\"https:\/\/scavolinistorebrussels.com\/SSBWEB11\/\",\"name\":\"Scavolini Store Brussels Officiel\",\"description\":\"Scavolini : La qualit\u00e9 italienne en meubles sur mesure \u00e0 Bruxelles.\",\"potentialAction\":[{\"@type\":\"SearchAction\",\"target\":{\"@type\":\"EntryPoint\",\"urlTemplate\":\"https:\/\/scavolinistorebrussels.com\/SSBWEB11\/?s={search_term_string}\"},\"query-input\":\"required name=search_term_string\"}],\"inLanguage\":\"fr-FR\"}]}<\/script>\n<!-- \/ Yoast SEO plugin. -->","yoast_head_json":{"title":"RENDEZ-VOUS - Scavolini Store Brussels Officiel","description":"D\u00e9couvrez comment nos professionnels peuvent vous aider \u00e0 concr\u00e9tiser votre projet. Prenez rendez-vous dans notre showroom d\u00e8s maintenant et b\u00e9n\u00e9ficiez de conseils personnalis\u00e9s.","robots":{"index":"index","follow":"follow","max-snippet":"max-snippet:-1","max-image-preview":"max-image-preview:large","max-video-preview":"max-video-preview:-1"},"canonical":"https:\/\/scavolinistorebrussels.com\/SSBWEB11\/rendez-vous\/","og_locale":"fr_FR","og_type":"article","og_title":"RENDEZ-VOUS - Scavolini Store Brussels Officiel","og_description":"D\u00e9couvrez comment nos professionnels peuvent vous aider \u00e0 concr\u00e9tiser votre projet. Prenez rendez-vous dans notre showroom d\u00e8s maintenant et b\u00e9n\u00e9ficiez de conseils personnalis\u00e9s.","og_url":"https:\/\/scavolinistorebrussels.com\/SSBWEB11\/rendez-vous\/","og_site_name":"Scavolini Store Brussels Officiel","article_modified_time":"2023-05-15T09:25:48+00:00","twitter_misc":{"Dur\u00e9e de lecture estim\u00e9e":"1 minute"},"schema":{"@context":"https:\/\/schema.org","@graph":[{"@type":"WebPage","@id":"https:\/\/scavolinistorebrussels.com\/SSBWEB11\/rendez-vous\/","url":"https:\/\/scavolinistorebrussels.com\/SSBWEB11\/rendez-vous\/","name":"RENDEZ-VOUS - Scavolini Store Brussels Officiel","isPartOf":{"@id":"https:\/\/scavolinistorebrussels.com\/SSBWEB11\/#website"},"datePublished":"2019-02-14T13:20:56+00:00","dateModified":"2023-05-15T09:25:48+00:00","description":"D\u00e9couvrez comment nos professionnels peuvent vous aider \u00e0 concr\u00e9tiser votre projet. Prenez rendez-vous dans notre showroom d\u00e8s maintenant et b\u00e9n\u00e9ficiez de conseils personnalis\u00e9s.","breadcrumb":{"@id":"https:\/\/scavolinistorebrussels.com\/SSBWEB11\/rendez-vous\/#breadcrumb"},"inLanguage":"fr-FR","potentialAction":[{"@type":"ReadAction","target":["https:\/\/scavolinistorebrussels.com\/SSBWEB11\/rendez-vous\/"]}]},{"@type":"BreadcrumbList","@id":"https:\/\/scavolinistorebrussels.com\/SSBWEB11\/rendez-vous\/#breadcrumb","itemListElement":[{"@type":"ListItem","position":1,"name":"Accueil","item":"https:\/\/scavolinistorebrussels.com\/SSBWEB11\/"},{"@type":"ListItem","position":2,"name":"RENDEZ-VOUS"}]},{"@type":"WebSite","@id":"https:\/\/scavolinistorebrussels.com\/SSBWEB11\/#website","url":"https:\/\/scavolinistorebrussels.com\/SSBWEB11\/","name":"Scavolini Store Brussels Officiel","description":"Scavolini : La qualit\u00e9 italienne en meubles sur mesure \u00e0 Bruxelles.","potentialAction":[{"@type":"SearchAction","target":{"@type":"EntryPoint","urlTemplate":"https:\/\/scavolinistorebrussels.com\/SSBWEB11\/?s={search_term_string}"},"query-input":"required name=search_term_string"}],"inLanguage":"fr-FR"}]}},"_links":{"self":[{"href":"https:\/\/scavolinistorebrussels.com\/SSBWEB11\/wp-json\/wp\/v2\/pages\/2820"}],"collection":[{"href":"https:\/\/scavolinistorebrussels.com\/SSBWEB11\/wp-json\/wp\/v2\/pages"}],"about":[{"href":"https:\/\/scavolinistorebrussels.com\/SSBWEB11\/wp-json\/wp\/v2\/types\/page"}],"author":[{"embeddable":true,"href":"https:\/\/scavolinistorebrussels.com\/SSBWEB11\/wp-json\/wp\/v2\/users\/3"}],"replies":[{"embeddable":true,"href":"https:\/\/scavolinistorebrussels.com\/SSBWEB11\/wp-json\/wp\/v2\/comments?post=2820"}],"version-history":[{"count":3,"href":"https:\/\/scavolinistorebrussels.com\/SSBWEB11\/wp-json\/wp\/v2\/pages\/2820\/revisions"}],"predecessor-version":[{"id":4737,"href":"https:\/\/scavolinistorebrussels.com\/SSBWEB11\/wp-json\/wp\/v2\/pages\/2820\/revisions\/4737"}],"wp:attachment":[{"href":"https:\/\/scavolinistorebrussels.com\/SSBWEB11\/wp-json\/wp\/v2\/media?parent=2820"}],"curies":[{"name":"wp","href":"https:\/\/api.w.org\/{rel}","templated":true}]}}